3 is divided by c?
3
Calculate the remainder when 62 is divided by (-31 + -1)*(4 - (-27)/(-6)).
14
Let b = -127 + 213. What is the remainder when b is divided by 29?
28
Let z = -4 + 5. Calculate the remainder when 35 is divided by z/1*(4 - -5).
8
Let c = 44 + -24. What is the remainder when 75 is divided by c?
15
Suppose 5*r + 0*j = 2*j + 185, 68 = 2*r - 2*j. Let a = 5 + 9. What is the remainder when r is divided by a?
11
Suppose -v + 51 = -9. Calculate the remainder when v is divided by 21.
18
Let w = 15 + 2. Suppose -4*u = 5*x - w, 0 = -5*u + 4*u - 2. Suppose -11*s + 14*s - 6 = 0, t - s - 11 = 0. Calculate the remainder when t is divided by x.
3
Suppose 34 + 40 = 2*u. Let f = 21 + -2. What is the remainder when u is divided by f?
18
Let c be 8*(-1 + 0) - -1. Let y = c - -15. Calculate the remainder when -7*1*6/(-3) is divided by y.
6
Suppose 3*n - 63 = 5*s, 4*n = -s + 6*s + 79. Suppose -n = -w - 0*w. What is the remainder when w is divided by 9?
7
Let c(a) = -4*a + a + 4*a + 27 - 3. Suppose -5*i - p = -307, -4*p + 9 = 1. Calculate the remainder when i is divided by c(-8).
13
Suppose 0*o - 5*o = -15. Suppose o*g - 29 - 7 = 0. Calculate the remainder when 22 is divided by g.
10
Let o = 16 - 26. What is the remainder when o/15 - (-50)/3 is divided by 9?
7
Suppose 11 = 3*g + 5. Suppose -5*k + 27 = 2*c - 3*c, 4*k = -2*c + 16. Calculate the remainder when (3/c)/(3/(-10)) is divided by g.
1
Let z(w) = 5*w**2 - 3*w - 1. Let u(j) = -2*j - 11*j**2 + 3*j + 6*j + 3 + 0. Let q(c) = -6*u(c) - 13*z(c). What is the remainder when q(-5) is divided by 12?
11
Let v(o) = 8*o**2 + 4*o + 5. Calculate the remainder when v(5) is divided by 38.
35
Calculate the remainder when 4 is divided by -18 + 15 + (0 - -6).
1
Suppose t + 0*b - 1 = -2*b, -3*b + 14 = 4*t. Suppose m + 19 = 2*o, t*o + 4*m = 3 + 12. What is the remainder when 13 is divided by o?
6
Suppose -2*c = -0 - 6. Let h(j) = 7*j - 13. Let q(d) = 3*d - 6. Let x(l) = -2*h(l) + 5*q(l). Calculate the remainder when c is divided by x(6).
1
Suppose 3 = 3*f - 2*f. Let o be 0*(1 - 0/f). Suppose -3*q + 1 + 35 = o. What is the remainder when 35 is divided by q?
11
Let u = 11 + -8. Calculate the remainder when 38/6 + 6/9 is divided by u.
1
Let y(k) = -2*k - 12. Let b be y(-8). Suppose b*a - 36 - 20 = 0. Calculate the remainder when 40 is divided by a.
12
Let s(y) = 8*y**2 - y + 1. Suppose 3*g = -2 + 5. What is the remainder when 31 is divided by s(g)?
7
Suppose 4*l = 3*p + 132 + 86, -4*l + 202 = 5*p. Let x = 80 - l. What is the remainder when x is divided by 7?
6
Suppose -3*r + r + 16 = 0. Suppose -r = -u - 3*u. Let m = 1 + u. What is the remainder when m is divided by 2?
1
Let k be ((-2)/(-4))/((-1)/(-4)). Suppose -k + 14 = -2*d. Let r = d + 11. What is the remainder when 13 is divided by r?
3
What is the remainder when 111 is divided by 0 - (-76)/(-8)*-4?
35
Let a(u) = -u**2 + 9*u - 10. Let z be a(7). Calculate the remainder when ((-2)/z)/((-6)/60) is divided by (-50)/(-18) + (-2)/(-9).
2
Suppose -p - 147 = -2*p. Suppose 3*l - p = -0*l. Suppose -51 = 3*i - 6*i. What is the remainder when l is divided by i?
15
Calculate the remainder when 54 is divided by (-9 + 11)/(1/(-4))*-2.
6
Let s be (-1*2 - -177) + -2. Let w = s - 115. Let r(u) = -u**3 - 6*u**2 - 2*u + 8. Calculate the remainder when w is divided by r(-6).
18
Let q be 4/(-10) + (-726)/10. What is the remainder when 70 is divided by q/(-4) + (-4)/16?
16
Suppose 6*z = -3*v + 2*z + 29, 3*z + 3 = 0. Suppose -s = -4*u - 10, s + 0*s = 2. What is the remainder when (1/u)/(6/(-372)) is divided by v?
9
Suppose f + 5 = -2*b + 3*b, -2*b - 11 = 5*f. Let h(x) = -2*x - 1. Calculate the remainder when h(f) is divided by 3.
2
Let b(r) = 2*r - 8. Let p be b(6). Let i = 28 + -20. Let c = i - p. What is the remainder when 7 is divided by c?
3
Suppose d - 10*d = -171. What is the remainder when 35 is divided by d?
16
Let f(p) = 73*p - 1. What is the remainder when f(1) is divided by 15?
12
Let c = 81 - -62. Suppose c = 8*x - 3*x + 4*u, -2*u = x - 31. Suppose 5*o + 3*t + 2*t = 50, 3*o - x = -4*t. Calculate the remainder when 38 is divided by o.
12
Let r(x) = -x**2 - x + 19. Let p be r(0). Suppose 5*s = 4*q - 79, -q - 3*s + 4*s + p = 0. Calculate the remainder when q is divided by 9.
7
Let b = 105 - 66. What is the remainder when b is divided by 10?
9
Let w = 8 + 25. Let j = w - 23. What is the remainder when j is divided by 4?
2
Let a be (-1 + -9)*2/(-4). Suppose -a*w - 3*o + 98 = 0, 10*w - 5*w + 2*o = 97. Calculate the remainder when w is divided by 4*5/(-4)*-2.
9
Let j(n) = 10*n + 1. Calculate the remainder when (8/(-2))/((-2)/16) is divided by j(1).
10
Calculate the remainder when (0 + (-13)/(-2))/((-2)/(-4)) is divided by 2.
1
Let p(y) = -y**2 + 7*y - 5. Let t be p(6). Let s be 94/(t + -4 - -5). Suppose s = 2*w + 15. Calculate the remainder when w is divided by 9.
7
Suppose -2*d - d + 9 = 0. Suppose 26 + 19 = d*x. Calculate the remainder when 44 is divided by x.
14
Let h be 0 + (1 - (-2 + 3)). Suppose 0 = -3*i + 15, h = 4*t + 2*i + 2*i - 48. Calculate the remainder when (-3 + 65/(-10))/(2/(-4)) is divided by t.
5
Suppose -105 + 0 = -5*y. What is the remainder when 39 is divided by y?
18
Let x(d) = d**3 + 10*d**2 - 3*d + 3. Let z be x(-10). Let p = z - 18. Calculate the remainder when (6/(-5))/((-6)/140) is divided by p.
13
Suppose 4 = j, -4*v + 8*v + 3*j - 24 = 0. Calculate the remainder when 5 is divided by v.
2
Let z(q) be the first derivative of q**4/4 - 2*q**3 - 4*q**2 - 10*q + 5. Calculate the remainder when z(8) is divided by 14.
12
Let s be 4/1*(-1 - -2). Suppose 0*d + 4*o - 64 = -s*d, -72 = -5*d - o. Suppose 6*z - 3*z - 24 = 0. Calculate the remainder when d is divided by z.
6
Let t(i) = -i**3 + 8*i**2 - 5*i - 5. Suppose 8*s - 3*s = 95. What is the remainder when t(6) is divided by s?
18
Calculate the remainder when (1 - (-1 + 1))*63 is divided by 13.
11
Suppose 5*p - 34 = -l, 0*p = 2*l - 4*p - 54. What is the remainder when l is divided by 11?
7
Let v = 76 - 70. Calculate the remainder when 9 is divided by v.
3
Let s(t) = -t**2 + 7*t - 2. Calculate the remainder when s(6) is divided by 1.
0
Suppose 4*b + 36 = 8*b. Let s(y) be the third derivative of -y**6/60 - y**5/20 - y**4/24 - y**3/6 + y**2. Calculate the remainder when b is divided by s(-2).
4
Let u(l) = l**2 - 8*l - 2. Calculate the remainder when 19 is divided by u(9).
5
Let x be (-2)/3 - 28/(-6). Let z(q) = -q**3 + 4*q**2 + 7*q - 10. Let h be z(4). Suppose x*c - h = 54. Calculate the remainder when c is divided by 5.
3
Let h be 1 - -1 - 11 - -3. What is the remainder when ((-4)/3)/(h/369) is divided by 21?
19
Suppose 24 = 10*h + 2*h. What is the remainder when 3 is divided by h?
1
Let a = -34 - -55. Calculate the remainder when a is divided by 13.
8
Let d = -1 + 1. Suppose 8 + 4 = 4*z. What is the remainder when 14 is divided by 2/1 + d + z?
4
Suppose -6 = -2*d + 2*f, 5 = d + 3*f - 10. What is the remainder when 11 is divided by ((-3)/d)/((-3)/36)?
5
Suppose 0 = -4*d - 15 + 51. Suppose j - 4*j + d = 0. What is the remainder when 6 is divided by j?
0
Suppose 9 = h - 11. What is the remainder when 37 is divided by h?
17
What is the remainder when ((-3)/(-6) - -1)*(-444)/(-9) is divided by 26?
22
Suppose -10*o + 3*o = -168. Suppose -26 = -3*w + 3*s + 1, -27 = -3*w - 5*s. What is the remainder when 1 + o/9*6 is divided by w?
8
What is the remainder when 16 is divided by 2 + (0 - 4 - -8)?
4
Suppose 0 = -6*a + 68 + 64. Calculate the remainder when 65 is divided by a.
21
Let k = -21 + 31. Suppose t - 49 - 74 = 0. Suppose -4*l - 3*a = a - 124, -3*a - t = -5*l. What is the remainder when l is divided by k?
7
Suppose 0 = 4*d + z - 71, d - z - 17 = -2*z. Calculate the remainder when d is divided by 10.
8
Let z = 15 + -5. Let j be (-18 + 0)*(-2)/(-3). Let y = 30 + j. What is the remainder when y is divided by z?
8
Let l be 14/(-2 - 0) + 1. Let c(h) = -3*h - 4. Calculate the remainder when c(l) is divided by 4.
2
Let z(b) = 8*b**2 + 6 - 12*b**2 + 3*b**2. What is the remainder when 27 is divided by z(0)?
3
Suppose -4*b + 22 = -54. What is the remainder when b is divided by 2 + -1 + 1*9?
9
Suppose -b = -3 - 0. Suppose b*z + 108 = 5*a - 17, a = -3*z + 7. What is the remainder when 42 is divided by a?
20
Let i be ((-92)/(-6))/